 the highest common divisor of t and 13.
13
Suppose f + f - 40 = 0. Suppose -8*r - 148 = -5*t - 11*r, 4*t + 2*r = 120. Calculate the greatest common divisor of f and t.
4
Let i = 862 + -747. Suppose -1472 = 2*y - 18*y. What is the greatest common divisor of y and i?
23
Let i(g) = -5*g + 50. Let q be i(-29). Suppose 5*t - 5*k + 605 = 0, 4*t = 5*t + 3*k + 137. Let u = t + q. Calculate the greatest common factor of 10 and u.
10
Let f be -1*(2 - 15*1). Let m = 24004 - 23978. What is the greatest common divisor of f and m?
13
Let d be (50/(-35))/(4/(-14)). Suppose 3*l + 2 = -d*t, -4*t = -2*l - 3*t + 3. Let i be (0 - -4)*(l - -15)/2. Calculate the highest common factor of i and 4.
4
Suppose 4*r - 246 = 2*y, -76 + 71 = -5*y. Calculate the highest common factor of r and 3379.
31
Suppose 2*o - 9 - 13 = 0. Suppose 8*z + 397 = 9*z + 3*g, 782 = 2*z + 3*g. Suppose -z = -5*i - 3*w - w, 0 = 4*w. What is the highest common divisor of o and i?
11
Suppose -4*q - 25 = -33. Let j(v) = v + 15. Let n be j(8). Suppose -5*x + q + n = 0. Calculate the highest common factor of x and 2.
1
Suppose -2*h + 7732 = 14*r + 1878, -4*r = -3*h + 8956. What is the highest common divisor of h and 48?
48
Let n = -79 - -173. Suppose -8 = -34*x + n. What is the greatest common factor of 96 and x?
3
Let w = 53 - 32. Let i be 25/15*(-24)/(-10). Suppose k + 5*x + 440 = 6*k, -3*k = -i*x - 268. Calculate the greatest common factor of w and k.
21
Suppose -2*y + 72 = 2*y. Let h be 7 + 6/(-9) + 4/6. Suppose l + h - 34 = 0. What is the greatest common factor of y and l?
9
Let k = 3330 - 169. Calculate the greatest common factor of k and 58.
29
Let o = 20 - 13. Let a = -6091 - -6357. Calculate the highest common divisor of a and o.
7
Let g(y) = -4*y**3 + 74*y**2 + 6*y - 44. Let u be g(18). What is the highest common divisor of u and 801?
89
Let p(a) = 67*a**2 + 396*a - 10. Let t be p(-6). Let d(o) = -109*o - 9. Let u be d(-7). Calculate the greatest common factor of u and t.
26
Let c(f) = f**2 - 49*f + 158. Let h be c(64). What is the greatest common divisor of 26 and h?
26
Let a = 9 + 2. Let q = a - 6. Suppose -31 - 405 = 13*w - 231*w. Calculate the highest common factor of q and w.
1
Suppose -209*z = -215*z + 138. Let q(t) = t**2 - 7*t + 1. Let y be q(7). Let j be (z - (y - -2)) + 2. Calculate the greatest common divisor of j and 55.
11
Suppose -852 = 4*j - 4*v, -2*j + 6*j + 856 = 5*v. Let w = -170 - j. Calculate the greatest common factor of 13 and w.
13
Let b(t) = 252*t + 712. Let s be b(-2). What is the highest common divisor of s and 1296?
16
Let z = -234 + 634. Let k(w) = -116*w**3 + 4*w**2 + 5*w + 8. Let f be k(-2). Let l be 9/12 + f/24. Calculate the greatest common divisor of l and z.
40
Let z = 16407 + -1302. Calculate the greatest common divisor of z and 106.
53
Let b be (-5 - -5) + (1 - 3). Let m(a) = 18*a**2 - 2*a - 7. Let r be m(b). Calculate the greatest common divisor of r and 483.
69
Let z = -197 + 211. Let g be 12952/56 - 4/z. Calculate the greatest common factor of 66 and g.
33
Suppose 3*t + r = -2, 6 = -94*t + 92*t - 3*r. Let z be 0 - (7 - 0)*-42. Suppose -2*p = t, z = 3*g + 2*p + 2*p. Calculate the highest common divisor of 14 and g.
14
Let s(r) be the second derivative of -55*r**3/2 - 171*r**2/2 + 2*r + 174. Let v be s(-3). What is the highest common divisor of 72 and v?
36
Suppose -5*u = 3*a - 13, a + 14 = 3*u - 5. Suppose 0 = -u*l + 2094 - 599. What is the greatest common factor of l and 13?
13
Let u be (-4)/(-2)*(-3897)/18*-1. Let h = -209 + u. Calculate the greatest common divisor of h and 14.
14
Let a = -63 - -61. Let k be (a/6 - 25/(-30))*2. Suppose -v = -28 + k. Calculate the greatest common factor of v and 18.
9
Let g(v) = 2*v**2 - 6*v + 8. Let p be g(3). Suppose -2*t = -88 + p. Let f(m) = m**2 + 3*m + 1. Let i be f(-4). What is the greatest common factor of t and i?
5
Let x be (3 - 15/7)/(9/42). Suppose -9*t - x*t = -1612. Let l = t - 64. What is the greatest common divisor of 36 and l?
12
Let l(f) = 11*f - 33. Let t be l(5). Suppose -12*c = -t*c + 20. Calculate the highest common factor of 34 and c.
2
Let m be (-26)/5*(-1020)/34. What is the highest common divisor of m and 48?
12
Let h be (-19)/(209/(-110)) - -1071. What is the highest common divisor of 46 and h?
23
Suppose 0 = 948*v + 1304*v - 1153024. Let d be (4/(-5) + 0)*-20. What is the highest common divisor of v and d?
16
Let o = -24 + 39. Let x be (-4 - -3) + -3 + 80. Let k be x/12 + ((-2)/(-3))/(-2). What is the greatest common divisor of k and o?
3
Let u(f) = -2*f**3 - 10*f**2 - f + 27. Let j(q) = -q**3 - q**2. Let b(c) = -3*j(c) + u(c). Let z be b(7). What is the greatest common divisor of 20 and z?
20
Let b be (-78)/1521 - (-29841)/117. What is the greatest common factor of 51 and b?
51
Suppose 150*j - 91359 = -24159. Let o be -14*2*2/(-1). Calculate the highest common factor of o and j.
56
Suppose -7*i + 11*i - 2*a = 9932, a = -5*i + 12408. What is the greatest common divisor of 730 and i?
146
Let t = -257574 + 257754. Suppose -5*y + n + 303 = 0, 0 = y + 2*n - n - 57. What is the highest common divisor of y and t?
60
Let u(r) = 4*r**3 - 20*r**2 + 18*r - 5. Let n be u(4). Suppose 1 = -z - 2*a, 11*a + 1 = -n*z + 7*a. What is the greatest common factor of 32 and z?
1
Suppose 102*t + 4*t - 29150 = 0. Let r = 46 + -35. What is the highest common factor of r and t?
11
Let b(i) = 41*i + 7. Let r be b(6). Let f be 3/(-4)*(-57112)/3894. What is the greatest common divisor of f and r?
11
Let t = -376 - -465. Suppose 2*y + d = t, -3*y + 2*d = 3*d - 131. Suppose 2*w - 26 = 2*n, -5*n = -0*w + w - 19. What is the highest common factor of y and w?
14
Suppose 12755 = -45*f + 29921 + 47229. What is the greatest common factor of 27 and f?
27
Let z = -160 - -248. Let l = 74 - z. Let p = l + 27. What is the greatest common factor of 117 and p?
13
Suppose -z = 42*s - 47*s - 335, -5*z - 4*s = -1878. Calculate the greatest common divisor of z and 430.
10
Let z = -112 + 116. Suppose -z*w = -6*w + 42. Let o(h) = 2*h**3 - 4*h**2 + 2*h - 3. Let v be o(3). What is the greatest common divisor of w and v?
21
Let d(a) = -436*a - 6086. Let x be d(-14). Suppose -v - 2*o + 170 = 3*v, 2*v - 3*o = 105. Calculate the highest common factor of v and x.
9
Let r be (-3)/(3/(-28)) - (-4 + 11). Let u = -201 + 306. Calculate the highest common divisor of r and u.
21
Let o be 2 - -1 - 441*14/(-21). Calculate the highest common divisor of 132 and o.
33
Suppose -6*q = 231 - 249. Suppose -2*t + 16 = q*o, -o = -13*t + 11*t + 32. What is the greatest common factor of 49 and t?
7
Suppose -t = v - 2770 - 968, -t = 4*v - 14943. Calculate the highest common divisor of 45 and v.
45
Let u = -14025 - -30502. Suppose 41*b - u = 2711. Calculate the highest common factor of b and 72.
36
Suppose -22*i = -30*i + 64. Suppose 0 = -2*o + 4*s + 78, -9 = -i*s + 5*s. What is the highest common factor of o and 18?
9
Let d be 29/3 - ((-116)/638 + 84/99). Suppose -t - 1 = 0, 3*t - 81 = -4*y - 12. Calculate the highest common factor of d and y.
9
Let a(i) = -i**3 - 4*i**2 + 3*i. Let m be a(-5). Suppose -m*v + 519 + 141 = 0. Let g = v + -50. Calculate the greatest common factor of 24 and g.
8
Let w(m) = m**2 - 2*m + 32. Let a be w(0). Suppose -15 = 5*k, 3*h + h - 183 = -3*k. What is the highest common divisor of h and a?
16
Let d be (-4)/6 - 1886/(-138). Let u be 46 + ((-31)/(-217) - d/(-7)). Calculate the greatest common divisor of 54 and u.
6
Let y = 2220 - 1557. What is the greatest common divisor of y and 195?
39
Let z(w) = -10 + w**3 + 46*w**2 - 2*w**3 - 40*w**2 - 2*w + 4*w. Let f be z(6). What is the highest common divisor of f and 3?
1
Let v = -2298 - -10248. What is the highest common factor of 159 and v?
159
Let x(b) = 20 - 3*b**3 - 2*b - 6*b**3 - 4*b**2 + 10*b**3. Let h be x(6). What is the greatest common factor of 5 and h?
5
Suppose 2*r + 2*z - 60 = -0*r, -3*r + 2*z = -90. Let a = -8146 + 8186. Calculate the greatest common divisor of a and r.
10
Suppose 287 = 2*r + 101. Let h = 89 - r. Let p(t) = t**3 + 5*t**2 + t - 11. Let g be p(h). Calculate the greatest common divisor of g and 4.
1
Let h = -290 - -428. Let b be 6/51 - 472/(-34). Suppose 7*q = b*q - 644. Calculate the highest common divisor of q and h.
46
Suppose -466 = 13*z - 15*z - f, -4*f + 478 =